 (base 14) to base 7.
20421215
Convert -132031210233 (base 4) to base 9.
-15811070
Convert -10118912 (base 10) to base 8.
-46463400
Convert -4012216 (base 7) to base 4.
-1303223002
2567431 (base 8) to base 14
1491d7
1443214 (base 7) to base 13
6b068
Convert 112202221100212 (base 3) to base 14.
10858c5
Convert 225257 (base 9) to base 8.
407647
Convert -201077 (base 10) to base 3.
-101012211022
-30364 (base 10) to base 5
-1432424
-1010011001100010111 (base 2) to base 12
-145247
What is -4107465 (base 8) in base 9?
-2033588
What is 74d4 (base 15) in base 9?
36821
Convert -20030322 (base 6) to base 8.
-2115252
Convert 442321 (base 8) to base 4.
210103101
-681930 (base 11) to base 10
-1085887
Convert -15ab5 (base 16) to base 14.
-244bb
5fc455 (base 16) to base 14
b95349
What is 300320033 (base 4) in base 7?
1462460
-51a9748 (base 11) to base 6
-524415224
-11aa59 (base 13) to base 15
-85793
What is -15756625 (base 8) in base 15?
-4c4c05
What is 98326 (base 10) in base 12?
48a9a
What is 102432340 (base 5) in base 15?
89565
What is -12063172 (base 8) in base 5?
-1134211144
Convert 20210021112 (base 3) to base 11.
91424
-1c483a (base 15) to base 2
-101010001011101010110
Convert -134a3b4 (base 14) to base 4.
-203210210322
What is -1162020 (base 13) in base 9?
-11100526
What is 12102101112 (base 4) in base 11?
a25a41
9509a5 (base 11) to base 6
52354540
What is 12081884 (base 9) in base 3?
102002201222211
3666d0 (base 15) to base 3
11220021120020
-10110011111100001 (base 2) to base 3
-11200101012
What is -32658a (base 11) in base 14?
-d7cb2
Convert 49be0 (base 15) to base 16.
39828
Convert -1b4b6 (base 12) to base 9.
-61443
Convert -383111 (base 9) to base 10.
-231913
100111000100000 (base 2) to base 12
b6a8
623389 (base 10) to base 11
3963a8
Convert -122020022020 (base 3) to base 13.
-bb51b
-633566 (base 9) to base 12
-161b59
Convert 1011100010101000010010 (base 2) to base 5.
1233303201
Convert 36182 (base 9) to base 5.
1233322
Convert 125a8 (base 16) to base 6.
1340012
10100100101111010 (base 2) to base 12
4098a
32516 (base 9) to base 13
9a77
Convert -11200220121210 (base 3) to base 7.
-30142551
Convert -4253153 (base 6) to base 16.
-331dd
Convert 200153043 (base 6) to base 13.
911a60
What is 2560655 (base 7) in base 11?
208aa3
-71dcc (base 15) to base 5
-43021432
3646683 (base 11) to base 6
344022312
Convert -2106504 (base 8) to base 5.
-120413302
Convert -103332023221 (base 4) to base 11.
-2a56505
60915 (base 15) to base 12
128b6b
-210144531 (base 6) to base 8
-15737107
Convert 4d4cd1 (base 14) to base 2.
1010001010011100010111
102003003 (base 4) to base 12
36943
What is -323a87 (base 11) in base 8?
-1763145
-283520 (base 9) to base 4
-222102030
55680 (base 10) to base 7
321222
19c3e (base 16) to base 7
616452
Convert -2b2ad (base 14) to base 4.
-122100221
11110511 (base 6) to base 5
41221401
What is 2c7dcd (base 14) in base 16?
17c831
1a1b18 (base 13) to base 11
411671
Convert -11210010201202 (base 3) to base 6.
-130251415
What is -5f74e7 (base 16) in base 6?
-342030131
What is 1004630 (base 8) in base 2?
1000000100110011000
-10112414 (base 5) to base 14
-21d7c
Convert 76a524 (base 12) to base 16.
1cc06c
What is 2312010240 (base 5) in base 11?
2a23a71
Convert 2380a17 (base 11) to base 5.
2030112011
What is 57288 (base 9) in base 3?
1221022222
What is -12403620 (base 7) in base 12?
-464526
What is -25675b (base 12) in base 16?
-959b7
Convert 2202201012011 (base 3) to base 5.
334024112
-11229785 (base 10) to base 9
-23115328
Convert -2111210 (base 10) to base 11.
-1212202
Convert -2390761 (base 14) to base 15.
-1762d4a
Convert 2240104 (base 8) to base 3.
1010210122200
-aa71 (base 14) to base 2
-111001100111011
110012303 (base 4) to base 9
134865
-12123402102 (base 5) to base 4
-312131330002
10000110010001001101 (base 2) to base 12
226325
Convert 141527d (base 14) to base 4.
211020111133
Convert -a7c8b (base 15) to base 14.
-dc1c6
302241220 (base 5) to base 15
18e1e0
-26eeb (base 16) to base 15
-323b2
What is 203110003123 (base 4) in base 10?
9257179
Convert 259dc (base 16) to base 7.
1211126
-311030030 (base 4) to base 3
-102001212012
What is -1022210011201 (base 3) in base 7?
-5662321
What is -44816 (base 12) in base 5?
-10403101
-8984478 (base 10) to base 5
-4300000403
Convert -414768 (base 9) to base 16.
-3c21e
-1126513 (base 8) to base 4
-1022311023
24414001 (base 5) to base 4
320232320
Convert -351b51 (base 12) to base 6.
-30143341
Convert 146528 (base 9) to base 16.
15ff2
Convert -1190169 (base 11) to base 14.
-3ba57b
Convert 11971a (base 12) to base 9.
475464
What is -11a034 (base 14) in base 3?
-1010200011020
Convert -2313a97 (base 11) to base 8.
-17336621
3942a (base 13) to base 16
19eb8
-71201 (base 14) to base 7
-2212101
10945 (base 15) to base 11
36673
-1106601 (base 7) to base 10
-136809
What is 4004233202 (base 5) in base 2?
11110000100101100100000
What is -f101c (base 16) in base 14?
-1b9a7a
Convert -45543 (base 6) to base 16.
-1947
Convert 30475221 (base 9) to base 11.
8296425
Convert 10290851 (base 10) to base 5.
10113301401
Convert 4899768 (base 11) to base 10.
8519321
-13b0e89 (base 16) to base 8
-116607211
What is 125377 (base 9) in base 2?
10010100101100001
What is -130213230023 (base 4) in base 9?
-15104565
Convert -613547 (base 8) to base 3.
-101021220200
-176511 (base 9) to base 4
-122303011
Convert 3507b89 (base 12) to base 15.
d6bdec
31220320 (base 4) to base 2
1101101000111000
Convert -119132 (base 12) to base 4.
-1011221312
-110100200213 (base 4) to base 7
-63065342
What is 201212232 (base 4) in base 8?
414656
29d8d1 (base 15) to base 13
559717
221225 (base 9) to base 3
20201020212
-374145 (base 11) to base 7
-5011265
68550 (base 9) to base 3
2022121200
What is -20210211021 (base 3) in base 13?
-48cc4
758a18 (base 15) to base 5
2413114043
Convert -448198 (base 10) to base 7.
-3544462
5246367 (base 9) to base 8
12550721
-49b0 (base 14) to base 3
-122200120
Convert 10122001210 (base 3) to base 7.
415266
What is 3512e (base 15) in base 4?
221100323
What is 20452484 (base 9) in base 7?
146416465
Convert -1573cae (base 15) to base 11.
-8864666
Convert -31113301312 (base 4) to base 14.
-673606
Convert -41444655 (base 7) to base 8.
-15241067
Convert 85523 (base 13) to base 6.
5052415
What is -6735997 (base 10) in base 16?
-66c87d
-32535505 (base 7) to base 13
-7700b9
Convert 136195 (base 10) to base 11.
93364
50b8a (base 13) to base 9
240534
Convert 12562312 (base 7) to base 14.
2220b2
-1a52aa6 (base 12) to base 14
-a548a2
What is 26352663 (base 7) in base 3?
11112202201110
28173 (base 10) to base 9
42573
What is 10014522 (base 6) in base 14?
74c38
Convert -341974 (base 10) to base 5.
-41420344
Convert 236654 (base 7) to base 10.
43208
What is 705453 (base 11) in base 14?
217678
-1010001100001010100 (base 2) to base 13
-b8ca3
-101200100210 (base 3) to base 7
-1533606
-1259987 (base 15) to base 12
-4504017
7ec8c (base 15) to base 10
404457
Convert -37225 (base 8) to base 10.
-16021
Convert 7b29 (base 15) to base 3.
1022212010
Convert 16636151 (base 9) to base 13.
19648ab
What is -100011110101011001010110 (base 2) in base 4?
-203311121112
Convert 1025753 (base 8) to base 12.
112263
What is -201330210 (base 4) in base 6?
-2551420
What is -1760220 (base 9) in base 7?
-11236524
What is -22120210202220 (base 3) in base 9?
-8523686
Convert -3726103 (base 12) to base 2.
-101001000000111100010011
What is -2424332 (base 6) in base 10?
-128000
-29588 (base 13) to base 2
-10011000000011100
-145045030 (base 7) to base 9
-20151041
5ab3a6 (base 16) to base 2
10110101011001110100110
-113413 (base 6) to base 9
-14480
331032320202 (base 4) to base 9
33174763
What is 2311041311 (base 5) in base 13?
10c23a9
What is -11100100011001000011 (base 2) in base 10?
-935491
What is 9602326 (base 10) in base 11?
5469408
-2000210020 (base 3) to base 5
-2234224
What is 6246005 (base 8) in base 14?
312269
What is 3780000 (base 9) in base 14?
3b8adc
What is 100002012102 (base 3) in base 2?
101011101000111111
What is -212363431 (base 7) in base 2?
-110000010001011110110101
What is -101121121221 (base 3) in base 10?
-208951
What is -373716 (base 10) in base 12?
-160330
Convert 240440 (base 6) to base 12.
10120
423521 (base 10) to base 4
1213121201
Convert 634056